e 4 - 3 - 2 - (-3 + 22 + 5).
-25
Evaluate (73195 - 73185) + (-109 - (-2 + 2)) + (2 - 1).
-98
Calculate -41 + 3 + 12 - (-62 - -2).
34
Evaluate -21 - (-27 - -70 - 63).
-1
Evaluate -129 - (20 + -82) - (-14 - 1).
-52
-19 - (-89 + -1 + (1325 - 1293))
39
-46 + (-105 - -157 - -47)
53
Calculate (3 - -4) + -6 + (1 - (6 + -30 + 19)).
7
What is the value of 77 + 6 + -58 - 79?
-54
Evaluate -74 + 103 - 48 - -16.
-3
(-92 - (-263 + 195)) + (0 - 11)
-35
27 + (-80 - (11 + -12))
-52
What is 11 + (-15 - -98 - 13)?
81
Calculate -1 + 3 + -90 + 97 + 3 - (31 - 1).
-18
Evaluate 39 - (49 + (20 - (-13 + 51))).
8
What is -1 - (-1 + -9) - (-15668 + 15725)?
-48
Evaluate -170 + 187 - (65 - 9).
-39
7 + 5 + (732 - 707) + (14 - 0)
51
What is the value of -5 + (-8 - -12) + -2 + 6 + (0 - -45)?
48
What is 26 - (-29 + (82 - 27)) - -19?
19
What is -65 + 34 - (-33 - -43)?
-41
What is the value of (16 - (-20 - 16)) + -13 - (4 - (-5 + 6))?
36
Evaluate -161 - (-101 + -99 + 92).
-53
What is the value of -1994 - -2069 - (-43 + 1)?
117
1 - 83 - (-3 + (-3 - (15 + -7)))
-68
103 - (-9 + 40 + -4 + -22 + 6)
92
Evaluate (-41 + 61 - -98) + -56.
62
What is the value of (1 - -30) + -4922 + 4885?
-6
What is 22 + -81 + 35 + (-7 - -81)?
50
-47 + 5 - 42 - (-18 + -6)
-60
What is the value of -64 - (-14 - (20 + -15 + 1))?
-44
-32 - (13 + 15 + (8 - 39))
-29
Evaluate -10 + 59 + -2 + 19 + (-35 - -8).
39
Evaluate 26 + -20 + (-5 - (41 + -1)).
-39
What is -12 + 57 + -9 + 27 + -39 + 45?
69
What is (-6018 - -5945) + (149 - 1)?
75
What is the value of 6 + 4 + -7 + -1 + (-96 - (21 + -18))?
-97
Evaluate -43 + 39 + 114 - 120.
-10
(-78 - -7 - 66) + (-4 - -30)
-111
Evaluate 206 + (38 - 63) + -85.
96
Calculate 4 + 0 + (41 - 43) - -17 - (-19 + 31).
7
87 + -289 + 89 + 132
19
Calculate 23 - 1 - (-345 - -333) - (15 - 1).
20
Evaluate -18 - (-387 - -393) - (0 - -2 - 4).
-22
Evaluate 12 - (-5 - 0 - (17 - 87 - -122)).
69
Calculate 2 + 0 + 251 + -268.
-15
What is the value of 33 + 34 + -78 - (-10 + 7 + 6 - -7)?
-21
Evaluate -102 + (-4 - -96) + 1 + 32 + -1.
22
What is the value of (55 - -28) + -68 + 60?
75
-1 + -14 + 17 - -44
46
Calculate 44 + (-12 - 17 - 8) + 104 + 4 + -1.
114
6 - (5 + 9 + -8 + -7 + 0) - -19
26
Evaluate 1 + (0 - 17) + (398 - 450).
-68
What is the value of (-4 - -58) + -60 - ((-65 - 1) + 1)?
59
Evaluate (-4 - -15 - -31) + -14 + -4 + 12.
36
Evaluate 10 + -2 - ((-20 - 1) + 19 + -2 + -13).
25
-1 + -1 - (9 + -15 + 16 + (-47 - 8))
43
What is the value of -1 - (10 + -4) - (113 + 18 + -2 + -5)?
-131
What is (-3 + -1 - -11 - 4) + -39 - (79 + -73)?
-42
Evaluate (25 - 13 - -54) + -142.
-76
What is the value of -59 - -1 - (21 - (26 + (27 - 19 - 12)))?
-57
Calculate (-224 + 122 - -232) + (-33 - 1).
96
10 - (4 + -6 - 25)
37
What is (14 + -49 + 4 - 23) + (12 - -1)?
-41
27 + 12 + (-29 + -13 - -105)
102
Evaluate -91 - (67 - 30) - -1.
-127
What is 9 - (6 - 5) - (-8 + (6 - -5)) - 25?
-20
0 - 6 - (16 - (36 + -3 + 3 - -17))
31
What is -87 + (11 - (-22 - (-16 - 37)) - -4)?
-103
Calculate 134 + (132 - 48 - 121).
97
What is the value of -2 - (20 + -40) - (-11 - -10 - -13)?
6
Calculate (-70 - -72) + (0 - -10) - -14.
26
Evaluate (-1 - 11) + 117 + -89 + 9.
25
Calculate (1 - (-5 + (-1 - -18))) + 128 + (-90 - -50).
77
What is the value of -67 + (94 - -9) - 72?
-36
What is 409 - 370 - (5 - -34)?
0
What is 18 - (-16 - (-16 - 0 - 7))?
11
What is 8 + (8 + -7 - (-39 + 30))?
18
Calculate -24 + -34 + 53 - -42.
37
Evaluate -107 - -76 - -73 - 22.
20
Calculate 6 + (12 - 7) + 0 - (108 - 109).
12
What is (-63 - -2) + 0 + (55 - 49) + -6 + -5?
-66
What is 6 + 159 - (-2209 - -2301)?
73
What is -358 + 365 - (5 - -5)?
-3
What is -40 + -3 + -3 + -20 + (40 - 30)?
-56
What is the value of (-4 - -19) + (0 + 4 - (-86 + 85))?
20
Evaluate -3 + 9 - 9 - (-16 - 19).
32
Calculate (-12 - (33 + -24 + -6)) + -19 + 1.
-33
Evaluate 3 + (-7 + 7 - (1 - -36)) + (-2911 - -2906).
-39
Evaluate -169 + 218 + -41 + (0 - 51).
-43
(-72 - (101 - 379)) + -95
111
What is 75 + (23 + (64 - 73) - (36 - 1))?
54
Evaluate -350 + 359 + (0 - ((-4 - -12) + -8)).
9
Evaluate 2 + -79 - (4560 - 4532).
-105
What is -38 - (0 + 1) - (8 - 10 - (-27 + 16))?
-48
What is 91 - (-1 + 0 + 14 + 156 + (-154 - 16))?
92
(1 - 15) + (-38 - (-9 - 2)) + -15 + -3
-59
24 - (-10 - (-30 + 12) - 3)
19
What is 149 + (112 - 184) + (2 - 19)?
60
Evaluate (-5 - 53) + 8 + (-12 - (-7 - 5)) + -12.
-62
(-113 - -101) + 31 + 9
28
Calculate 79 + (-190 - -7) - -144.
40
-4 + (10 + -5 - -90) - (-29 - (-10 + -29))
81
What is (-2 + 1 - (13 - 0)) + (-58786 - -58776)?
-24
Evaluate -253 - -164 - (-174 + -14).
99
Calculate -40 + 65 + 87 + -90.
22
Calculate (-31 + -1 - (29 - -17 - 26 - 29)) + -9.
-32
Evaluate 42 - (-24 + 47) - 65 - (13 + (1 - 3)).
-57
-10 - ((6 - (-14 - -12)) + -6 + 0)
-12
-104 + 70 + -26 - (5 + -13 + 4)
-56
Evaluate -2 + 26 - 4 - (-377 + 389).
8
What is the value of (48 + -41 - (0 - -11)) + (0 - 2 - 45)?
-51
Evaluate 15 - (-6 + 74 + (-12 - (-7 - 5))).
-53
Evaluate 6 + -3 - (-39 + (41 - -56)).
-55
-57 + (1 - (1 + -2 + 3)) + (2974 - 2965)
-49
What is -17 + 32 - -45 - 42?
18
What is -1 + (48 - (7 - 2 - 3))?
45
Calculate -8 + -8 + 9 + -5 + (100 - (14 + -12)).
86
Evaluate (145 - (359 + -91)) + 215.
92
Calculate 13 + (-8 - 8) + -6 + -1 - 11.
-21
What is 0 + -24 + (-16 - (21 + -4))?
-57
What is -40 - ((2 + -1 - -3) + -20 + 8)?
-32
Evaluate -39 + 50 + 5 + 20.
36
What is the value of ((19 - 5) + -11 - (1 + 4)) + -3 + -9?
-14
What is the value of -3 - 1 - (49 + -50 + 18)?
-21
Evaluate (1 - -11) + (31 - 46) + -67 + -2.
-72
Evaluate -8 - (-9 + 21) - (-70 - -60) - -138.
128
What is 9 + -2 + 11 - (42 - 1)?
-23
10 + -7 + -1 + -23 - (-47 + -15)
41
60 - (-28 - (-8 + (-14 - -8)) - -16)
58
Evaluate (2 + (6 - -8) - 22) + -1 + -59 + 0.
-66
What is -8 + 23 - 15 - (-49 - (2 - 2))?
49
Evaluate 0 + (-48 - ((-60 - -23) + 12)).
-23
Calculate (33 - -4) + (3 + 6 - 1) + 12 + -11.
46
Calculate -49 + -21 + 1 + 13 + -6 + -11.
-73
What is the value of (-6 - -15) + -4 - (-14 + -27)?
46
Calculate (-71 + 56 - (0 - 25)) + (2 - 84).
-72
Evaluate (30 - (29 - 23) - (-10 + 2)) + -10.
22
-9 - 1 - (71 - (-204 + 231))
-54
What is -14 + 8 - 1 - -70 - 4 - (-26 - -19)?
66
8 + 8 + -9 + 2 + -9 - (-96 + 223)
-127
-7 - (11 + -30) - 80 - ((6 - 4) + -13)
-57
Calculate -86 + (82 + -162 - -86).
-80
Calculate -5 - (-39 + 0) - (48 + -42).
28
What is the value of 0 - (16 - 20) - (48 - 20)?
-24
What is (60 - (2 - 7)) + -61?
4
(-10 - 1) + (6 + 1 - (-12 - -15)) - 69
-76
What is the value of (-9 - (-2 - (-10 + 13))) + (-18 + -6 - 6)?
-34
19 - 61 - -46 - (3 - -48)
-47
-7 - (-5 + -5) - (-40 - -2)
41
Evaluate 15 + (-73 - (64 - 24)).
-98
Calculate 47 - (9 + (40 - 60)).
58
(227 - 126) + 84 - 123
62
What is the value of 25 - 92 - (-27 - -19 - (3 - 9))?
-65
Calculate (59 - 0) + 477 + -546.
-10
What is 19 - ((-7 - -18) + -7)?
15
(-14 - 9) + 12 + 17 - 25
-19
What is 15 - (-14 + 22 + -23) - 19?
11
Evaluate -8 - (-40 - (18 + 0 + -20 + 13 + -2)).
41
What is the value of 4 + (9 - 3) + (34 - (32 - -29))?
-17
What is the value of (2 - -8) + (-100 - -31 - -93)?
34
Calculate (80 - (-42 + -2)) + -25 - -27.
126
Calculate -6 + -1 + (-264 + 256 + 0 + 16 - 4).
-3
Evaluate 148 + -91 + -45 + 69.
81
Calculate 27 - (6 - (-5 - (-16 + 6)) - 7 - -9).
24
Evaluate 13 - (-1 + -11 - (-42 - (2 + -34))) - -39.
54
Evaluate (-40 - (27 - 70)) + 24 + 2 + -5.
24
What is the value of 31 + (-3 - (-2 + 7) - 5) - 93?
-75
Calculate (-19 - -5) + (6 - -2 - 7) + 26.
13
What is the value of 170 - 196 - (0 - 97) - 10?
61
What is the value of 21 + -29 + 67 - 80?
-21
Evaluate (3 + -5 - 3) + -2 - (102 + 49 + -34).
-124
-14 + -61 - -19 - (-31 - -14)
-39
What is -535 - -507 - (-2 + 3) - ((4 - -2) + 2)?
-37
11 + -20 + -28 + 39 + (-1 - 0 - 20)
-19
(-5 + 4 + 38 - -1) + -1 - (-393 + 390)
40
What is 0 + -90 - (3 - (26 + (0 - 15)))?
-82
Calculate 3 - 13 - (-233 + 134 - (-12 - 6)).
71
3 - (-4 + (-4 - 0 - -2) - (118 - 76))
51
What is 22 + -64 + 50 - 33?
-25
What is the value of (8 - 9) + (6 - (8 + -1))?
-2
-131 + -54 + (-47 - -179)
-53
Evaluate -41 - (4 + (-4 - -1) - 0) - (-920 - -916).
-38
Calculate 31 + (-57 + 73 - 86).
-39
What is the value of 50 - (-1 + (8 - 13))?
56
What is the value of 95 - 89 - (-16 + 0)?
22
Evaluate -4 - (-1 + 1) - (84 + (2 - (22 - 11))).
-79
Calculate -231 + 241 - (22 - -6) - 16.
-34
What is the value of 1546 + -152